s digit of 410456?
1
What is the hundred thousands digit of 766290?
7
What is the hundred thousands digit of 783538?
7
What is the thousands digit of 85247?
5
What is the ten thousands digit of 167535?
6
What is the hundred thousands digit of 188774?
1
What is the thousands digit of 4509547?
9
What is the tens digit of 256113?
1
What is the hundreds digit of 3670930?
9
What is the hundreds digit of 215247?
2
What is the units digit of 443826?
6
What is the thousands digit of 577210?
7
What is the ten thousands digit of 12947695?
4
What is the hundred thousands digit of 551477?
5
What is the units digit of 9201370?
0
What is the hundreds digit of 1653783?
7
What is the hundred thousands digit of 880145?
8
What is the tens digit of 4594588?
8
What is the thousands digit of 45795?
5
What is the hundreds digit of 124617?
6
What is the millions digit of 7140158?
7
What is the ten thousands digit of 447366?
4
What is the hundreds digit of 3304131?
1
What is the hundred thousands digit of 540628?
5
What is the thousands digit of 3462368?
2
What is the millions digit of 1053851?
1
What is the thousands digit of 184615?
4
What is the thousands digit of 219348?
9
What is the tens digit of 6769?
6
What is the units digit of 231845?
5
What is the ten thousands digit of 897967?
9
What is the tens digit of 1026153?
5
What is the thousands digit of 1907024?
7
What is the millions digit of 1027990?
1
What is the ten thousands digit of 3773786?
7
What is the hundred thousands digit of 24248238?
2
What is the ten millions digit of 13918215?
1
What is the hundred thousands digit of 531909?
5
What is the hundred thousands digit of 314714?
3
What is the units digit of 262970?
0
What is the tens digit of 8500?
0
What is the ten thousands digit of 2129262?
2
What is the tens digit of 203837?
3
What is the hundred thousands digit of 1323293?
3
What is the hundred thousands digit of 913462?
9
What is the units digit of 76441?
1
What is the tens digit of 2724902?
0
What is the hundreds digit of 619205?
2
What is the hundred thousands digit of 216056?
2
What is the thousands digit of 586144?
6
What is the hundred thousands digit of 300004?
3
What is the units digit of 285597?
7
What is the thousands digit of 73345?
3
What is the ten thousands digit of 465975?
6
What is the hundreds digit of 96264?
2
What is the thousands digit of 39195?
9
What is the units digit of 564479?
9
What is the units digit of 4156519?
9
What is the hundred thousands digit of 5082611?
0
What is the ten thousands digit of 5265602?
6
What is the tens digit of 34302?
0
What is the millions digit of 1190892?
1
What is the hundreds digit of 5175978?
9
What is the units digit of 72704?
4
What is the thousands digit of 7929239?
9
What is the hundreds digit of 5974742?
7
What is the hundred thousands digit of 154936?
1
What is the tens digit of 90477?
7
What is the hundreds digit of 358883?
8
What is the millions digit of 6043505?
6
What is the hundred thousands digit of 4511834?
5
What is the hundreds digit of 5530019?
0
What is the hundreds digit of 511233?
2
What is the ten thousands digit of 6479922?
7
What is the millions digit of 1447114?
1
What is the units digit of 8220564?
4
What is the hundred thousands digit of 1828778?
8
What is the thousands digit of 1428612?
8
What is the ten thousands digit of 2371792?
7
What is the hundred thousands digit of 672404?
6
What is the hundreds digit of 4771807?
8
What is the ten thousands digit of 6852680?
5
What is the tens digit of 137384?
8
What is the hundred thousands digit of 32134812?
1
What is the hundred thousands digit of 5744303?
7
What is the hundreds digit of 695332?
3
What is the units digit of 15251705?
5
What is the ten millions digit of 15380167?
1
What is the hundreds digit of 295440?
4
What is the hundreds digit of 19540548?
5
What is the hundreds digit of 4749255?
2
What is the units digit of 326425?
5
What is the hundred thousands digit of 4320419?
3
What is the hundreds digit of 12948416?
4
What is the units digit of 1307387?
7
What is the millions digit of 1756202?
1
What is the tens digit of 991627?
2
What is the thousands digit of 859235?
9
What is the hundred thousands digit of 127832?
1
What is the hundred thousands digit of 20368670?
3
What is the hundred thousands digit of 18081981?
0
What is the hundreds digit of 18425719?
7
What is the ten thousands digit of 1031455?
3
What is the hundred thousands digit of 498243?
4
What is the ten thousands digit of 86000?
8
What is the thousands digit of 157861?
7
What is the thousands digit of 3146924?
6
What is the millions digit of 1937502?
1
What is the units digit of 1891724?
4
What is the units digit of 516163?
3
What is the hundreds digit of 182577?
5
What is the hundred thousands digit of 1624522?
6
What is the thousands digit of 950488?
0
What is the units digit of 41362?
2
What is the ten thousands digit of 143552?
4
What is the units digit of 23455?
5
What is the tens digit of 6931985?
8
What is the units digit of 401154?
4
What is the millions digit of 9048208?
9
What is the hundred thousands digit of 719829?
7
What is the units digit of 214978?
8
What is the tens digit of 1871231?
3
What is the thousands digit of 4892943?
2
What is the tens digit of 2358134?
3
What is the ten millions digit of 16283883?
1
What is the thousands digit of 4868144?
8
What is the hundreds digit of 168338?
3
What is the millions digit of 5961428?
5
What is the hundreds digit of 256298?
2
What is the ten thousands digit of 4658754?
5
What is the tens digit of 2956196?
9
What is the hundreds digit of 2673015?
0
What is the units digit of 526196?
6
What is the millions digit of 33420469?
3
What is the hundreds digit of 184710?
7
What is the hundreds digit of 4242858?
8
What is the hundred thousands digit of 215161?
2
What is the units digit of 116010?
0
What is the millions digit of 2605533?
2
What is the hundreds digit of 2122550?
5
What is the tens digit of 95868?
6
What is the hundred thousands digit of 744707?
7
What is the hundreds digit of 4440779?
7
What is the millions digit of 1740558?
1
What is the units digit of 28106?
6
What is the ten thousands digit of 300285?
0
What is the ten thousands digit of 140700?
4
What is the tens digit of 232411?
1
What is the tens digit of 1244703?
0
What is the hundreds digit of 451379?
3
What is the thousands digit of 135863?
5
What is the ten thousands digit of 5267157?
6
What is the tens digit of 32798?
9
What is the tens digit of 3365904?
0
What is the units digit of 253335?
5
What is the thousands digit of 683175?
3
What is the thousands digit of 2897588?
7
What is the units digit of 5712449?
9
What is the ten thousands digit of 834817?
3
What is the ten millions digit of 12259421?
1
What is the tens digit of 97060?
6
What is the ten thousands digit of 415340?
1
What is the thousands digit of 4570319?
0
What is the hundreds digit of 1418652?
6
What is the ten thousands digit of 6517443?
1
What is the units digit of 42841?
1
What is the ten millions digit of 32017716?
3
What is the thousands digit of 24948905?
8
What is the tens digit of 14776861?
6
What is the hundred thousands digit of 3227950?
2
What is the hundreds digit of 96119?
1
What is the ten thousands digit of 2940843?
4
What is the hundreds digit of 455382?
3
What is the ten thousands digit of 194406?
9
What is the hundred thousands digit of 4550092?
5
What is the ten thousands digit of 3021171?
2
What is the ten thousands digit of 135278?
3
What is the thousands digit of 727217?
7
What is the ten thousands digit of 627484?
2
What is the hundred thousands digit of 123687?
1
What is the units digit of 660997?
7
What is the millions digit of 4822764?
4
What is the thousands digit of 419620?
9
What is the tens digit of 202367?
6
What is the tens digit of 27734690?
9
What is the hundreds digit of 3008?
0
What is the thousands digit of 4299445?
9
What is the millions digit of 9205370?
9
What is the thousands digit of 446690?
6
What is the tens digit of 1308276?
7
What is the thousands digit of 308258?
8
What is the thousands digit of 1705179?
5
What is the hundred thousands digit of 660191?
6
What is the hundreds digit of 72930?
9
What is the hundred thousands digit of 599813?
5
What is the hundre